{"id":11,"date":"2024-09-09T12:19:10","date_gmt":"2024-09-09T10:19:10","guid":{"rendered":"https:\/\/lescrayonssolidaires.org\/?page_id=11"},"modified":"2025-12-05T18:23:01","modified_gmt":"2025-12-05T17:23:01","slug":"qui-sommes-nous","status":"publish","type":"page","link":"https:\/\/lescrayonssolidaires.org\/index.php\/qui-sommes-nous\/","title":{"rendered":"Qui sommes-nous ?"},"content":{"rendered":"\n<p>Depuis 5 ans les Crayons Solidaires sont organis\u00e9s d\u00e9but d\u00e9cembre afin de mobiliser des dessinateurs et illustrateur pour la bonne cause. Le principe : vous venez vous faire tirer le portait et les fonds sont revers\u00e9s aux Restos du C\u0153ur.<\/p>\n\n\n\n<p>L&rsquo;\u00e9v\u00e9nement est organis\u00e9 avec Marielle Durand et Kek, accompagn\u00e9s de l&rsquo;agence de design Haigo et de dessinateurs volontaires ainsi que de b\u00e9n\u00e9voles des Restos du C\u0153ur et de nos partenaires.<\/p>\n\n\n\n<p><\/p>\n\n\n\n<p><strong>Lieux partenaires<\/strong> :  l&rsquo;ISART (\u00e9ditions 2023 et 2024) et le Ground Control (\u00e9dition 2025).<\/p>\n\n\n\n<p><\/p>\n\n\n\n<h2 class=\"wp-block-heading\">Pr\u00e9c\u00e9dentes \u00e9ditions<\/h2>\n\n\n\n<div class=\"wp-block-columns is-layout-flex wp-container-core-columns-is-layout-28f84493 wp-block-columns-is-layout-flex\">\n<div class=\"wp-block-column is-layout-flow wp-block-column-is-layout-flow\">\n<div class=\"wp-block-group is-vertical is-layout-flex wp-container-core-group-is-layout-fe9cc265 wp-block-group-is-layout-flex\">\n<figure class=\"wp-block-image size-large\"><img loading=\"lazy\" decoding=\"async\" width=\"2560\" height=\"2558\" src=\"https:\/\/lescrayonssolidaires.org\/wp-content\/uploads\/2025\/11\/IMG_6046-edited-scaled.jpg\" alt=\"\" class=\"wp-image-68\" srcset=\"https:\/\/lescrayonssolidaires.org\/wp-content\/uploads\/2025\/11\/IMG_6046-edited-scaled.jpg 2560w, https:\/\/lescrayonssolidaires.org\/wp-content\/uploads\/2025\/11\/IMG_6046-edited-300x300.jpg 300w, https:\/\/lescrayonssolidaires.org\/wp-content\/uploads\/2025\/11\/IMG_6046-edited-1024x1024.jpg 1024w, https:\/\/lescrayonssolidaires.org\/wp-content\/uploads\/2025\/11\/IMG_6046-edited-150x150.jpg 150w, https:\/\/lescrayonssolidaires.org\/wp-content\/uploads\/2025\/11\/IMG_6046-edited-768x768.jpg 768w, https:\/\/lescrayonssolidaires.org\/wp-content\/uploads\/2025\/11\/IMG_6046-edited-1536x1536.jpg 1536w\" sizes=\"auto, (max-width: 2560px) 100vw, 2560px\" \/><\/figure>\n\n\n\n<h4 class=\"wp-block-heading\">2021<\/h4>\n\n\n\n<p>4 500\u20ac&nbsp;r\u00e9colt\u00e9s<\/p>\n<\/div>\n<\/div>\n\n\n\n<div class=\"wp-block-column is-layout-flow wp-block-column-is-layout-flow\">\n<div class=\"wp-block-group is-vertical is-layout-flex wp-container-core-group-is-layout-fe9cc265 wp-block-group-is-layout-flex\">\n<figure class=\"wp-block-image size-large\"><img loading=\"lazy\" decoding=\"async\" width=\"2560\" height=\"2560\" src=\"https:\/\/lescrayonssolidaires.org\/wp-content\/uploads\/2025\/11\/2022_12_Crayons_SolidairesJB2_7403-edited-scaled.jpg\" alt=\"\" class=\"wp-image-63\" srcset=\"https:\/\/lescrayonssolidaires.org\/wp-content\/uploads\/2025\/11\/2022_12_Crayons_SolidairesJB2_7403-edited-scaled.jpg 2560w, https:\/\/lescrayonssolidaires.org\/wp-content\/uploads\/2025\/11\/2022_12_Crayons_SolidairesJB2_7403-edited-300x300.jpg 300w, https:\/\/lescrayonssolidaires.org\/wp-content\/uploads\/2025\/11\/2022_12_Crayons_SolidairesJB2_7403-edited-1024x1024.jpg 1024w, https:\/\/lescrayonssolidaires.org\/wp-content\/uploads\/2025\/11\/2022_12_Crayons_SolidairesJB2_7403-edited-150x150.jpg 150w, https:\/\/lescrayonssolidaires.org\/wp-content\/uploads\/2025\/11\/2022_12_Crayons_SolidairesJB2_7403-edited-768x768.jpg 768w, https:\/\/lescrayonssolidaires.org\/wp-content\/uploads\/2025\/11\/2022_12_Crayons_SolidairesJB2_7403-edited-1536x1536.jpg 1536w, https:\/\/lescrayonssolidaires.org\/wp-content\/uploads\/2025\/11\/2022_12_Crayons_SolidairesJB2_7403-edited-2048x2048.jpg 2048w\" sizes=\"auto, (max-width: 2560px) 100vw, 2560px\" \/><\/figure>\n\n\n\n<h4 class=\"wp-block-heading\">2022<\/h4>\n\n\n\n<p>10 000\u20ac&nbsp;r\u00e9colt\u00e9s<\/p>\n<\/div>\n<\/div>\n\n\n\n<div class=\"wp-block-column is-layout-flow wp-block-column-is-layout-flow\">\n<div class=\"wp-block-group is-vertical is-layout-flex wp-container-core-group-is-layout-fe9cc265 wp-block-group-is-layout-flex\">\n<figure class=\"wp-block-image size-large\"><img loading=\"lazy\" decoding=\"async\" width=\"768\" height=\"1024\" src=\"https:\/\/lescrayonssolidaires.org\/wp-content\/uploads\/2025\/11\/DSCF0080-1-768x1024.jpg\" alt=\"\" class=\"wp-image-72\" srcset=\"https:\/\/lescrayonssolidaires.org\/wp-content\/uploads\/2025\/11\/DSCF0080-1-768x1025.jpg 768w, https:\/\/lescrayonssolidaires.org\/wp-content\/uploads\/2025\/11\/DSCF0080-1-225x300.jpg 225w, https:\/\/lescrayonssolidaires.org\/wp-content\/uploads\/2025\/11\/DSCF0080-1-1151x1536.jpg 1151w, https:\/\/lescrayonssolidaires.org\/wp-content\/uploads\/2025\/11\/DSCF0080-1-1535x2048.jpg 1535w, https:\/\/lescrayonssolidaires.org\/wp-content\/uploads\/2025\/11\/DSCF0080-1-scaled.jpg 1919w\" sizes=\"auto, (max-width: 768px) 100vw, 768px\" \/><\/figure>\n\n\n\n<h4 class=\"wp-block-heading\">2023<\/h4>\n\n\n\n<p>13 500\u20ac&nbsp;r\u00e9colt\u00e9s<\/p>\n<\/div>\n<\/div>\n\n\n\n<div class=\"wp-block-column is-layout-flow wp-block-column-is-layout-flow\">\n<div class=\"wp-block-group is-vertical is-layout-flex wp-container-core-group-is-layout-fe9cc265 wp-block-group-is-layout-flex\">\n<figure class=\"wp-block-image size-large\"><img loading=\"lazy\" decoding=\"async\" width=\"683\" height=\"1024\" src=\"https:\/\/lescrayonssolidaires.org\/wp-content\/uploads\/2025\/11\/DSC07037-1-1-683x1024.jpg\" alt=\"\" class=\"wp-image-70\" srcset=\"https:\/\/lescrayonssolidaires.org\/wp-content\/uploads\/2025\/11\/DSC07037-1-1-683x1024.jpg 683w, https:\/\/lescrayonssolidaires.org\/wp-content\/uploads\/2025\/11\/DSC07037-1-1-200x300.jpg 200w, https:\/\/lescrayonssolidaires.org\/wp-content\/uploads\/2025\/11\/DSC07037-1-1-768x1152.jpg 768w, https:\/\/lescrayonssolidaires.org\/wp-content\/uploads\/2025\/11\/DSC07037-1-1-1024x1536.jpg 1024w, https:\/\/lescrayonssolidaires.org\/wp-content\/uploads\/2025\/11\/DSC07037-1-1-1365x2048.jpg 1365w, https:\/\/lescrayonssolidaires.org\/wp-content\/uploads\/2025\/11\/DSC07037-1-1-scaled.jpg 1707w\" sizes=\"auto, (max-width: 683px) 100vw, 683px\" \/><\/figure>\n\n\n\n<h4 class=\"wp-block-heading\">2024<\/h4>\n\n\n\n<p>13 500\u20ac&nbsp;r\u00e9colt\u00e9s<\/p>\n<\/div>\n<\/div>\n<\/div>\n","protected":false},"excerpt":{"rendered":"<p>Depuis 5 ans les Crayons Solidaires sont organis\u00e9s d\u00e9but d\u00e9cembre afin de mobiliser des dessinateurs et illustrateur pour la bonne cause. Le principe : vous venez vous faire tirer le portait et les fonds sont revers\u00e9s aux Restos du C\u0153ur. L&rsquo;\u00e9v\u00e9nement est organis\u00e9 avec Marielle Durand et Kek, accompagn\u00e9s de l&rsquo;agence de design Haigo et [&hellip;]<\/p>\n","protected":false},"author":1,"featured_media":0,"parent":0,"menu_order":0,"comment_status":"closed","ping_status":"closed","template":"","meta":{"footnotes":""},"class_list":["post-11","page","type-page","status-publish","hentry"],"_links":{"self":[{"href":"https:\/\/lescrayonssolidaires.org\/index.php\/wp-json\/wp\/v2\/pages\/11","targetHints":{"allow":["GET"]}}],"collection":[{"href":"https:\/\/lescrayonssolidaires.org\/index.php\/wp-json\/wp\/v2\/pages"}],"about":[{"href":"https:\/\/lescrayonssolidaires.org\/index.php\/wp-json\/wp\/v2\/types\/page"}],"author":[{"embeddable":true,"href":"https:\/\/lescrayonssolidaires.org\/index.php\/wp-json\/wp\/v2\/users\/1"}],"replies":[{"embeddable":true,"href":"https:\/\/lescrayonssolidaires.org\/index.php\/wp-json\/wp\/v2\/comments?post=11"}],"version-history":[{"count":6,"href":"https:\/\/lescrayonssolidaires.org\/index.php\/wp-json\/wp\/v2\/pages\/11\/revisions"}],"predecessor-version":[{"id":77,"href":"https:\/\/lescrayonssolidaires.org\/index.php\/wp-json\/wp\/v2\/pages\/11\/revisions\/77"}],"wp:attachment":[{"href":"https:\/\/lescrayonssolidaires.org\/index.php\/wp-json\/wp\/v2\/media?parent=11"}],"curies":[{"name":"wp","href":"https:\/\/api.w.org\/{rel}","templated":true}]}}

<p>Depuis 5 ans les Crayons Solidaires sont organisés début décembre afin de mobiliser des dessinateurs et illustrateur pour la bonne cause. Le principe : vous venez vous faire tirer le portait et les fonds sont reversés aux Restos du Cœur.</p>



<p>L&rsquo;événement est organisé avec Marielle Durand et Kek, accompagnés de l&rsquo;agence de design Haigo et de dessinateurs volontaires ainsi que de bénévoles des Restos du Cœur et de nos partenaires.</p>



<p></p>



<p><strong>Lieux partenaires</strong> :  l&rsquo;ISART (éditions 2023 et 2024) et le Ground Control (édition 2025).</p>



<p></p>



<h2 class="wp-block-heading">Précédentes éditions</h2>



<div class="wp-block-columns is-layout-flex wp-container-core-columns-is-layout-28f84493 wp-block-columns-is-layout-flex">
<div class="wp-block-column is-layout-flow wp-block-column-is-layout-flow">
<div class="wp-block-group is-vertical is-layout-flex wp-container-core-group-is-layout-fe9cc265 wp-block-group-is-layout-flex">
<figure class="wp-block-image size-large"><img loading="lazy" decoding="async" width="2560" height="2558" src="https://lescrayonssolidaires.org/wp-content/uploads/2025/11/IMG_6046-edited-scaled.jpg" alt="" class="wp-image-68" srcset="https://lescrayonssolidaires.org/wp-content/uploads/2025/11/IMG_6046-edited-scaled.jpg 2560w, https://lescrayonssolidaires.org/wp-content/uploads/2025/11/IMG_6046-edited-300x300.jpg 300w, https://lescrayonssolidaires.org/wp-content/uploads/2025/11/IMG_6046-edited-1024x1024.jpg 1024w, https://lescrayonssolidaires.org/wp-content/uploads/2025/11/IMG_6046-edited-150x150.jpg 150w, https://lescrayonssolidaires.org/wp-content/uploads/2025/11/IMG_6046-edited-768x768.jpg 768w, https://lescrayonssolidaires.org/wp-content/uploads/2025/11/IMG_6046-edited-1536x1536.jpg 1536w" sizes="auto, (max-width: 2560px) 100vw, 2560px" /></figure>



<h4 class="wp-block-heading">2021</h4>



<p>4 500€&nbsp;récoltés</p>
</div>
</div>



<div class="wp-block-column is-layout-flow wp-block-column-is-layout-flow">
<div class="wp-block-group is-vertical is-layout-flex wp-container-core-group-is-layout-fe9cc265 wp-block-group-is-layout-flex">
<figure class="wp-block-image size-large"><img loading="lazy" decoding="async" width="2560" height="2560" src="https://lescrayonssolidaires.org/wp-content/uploads/2025/11/2022_12_Crayons_SolidairesJB2_7403-edited-scaled.jpg" alt="" class="wp-image-63" srcset="https://lescrayonssolidaires.org/wp-content/uploads/2025/11/2022_12_Crayons_SolidairesJB2_7403-edited-scaled.jpg 2560w, https://lescrayonssolidaires.org/wp-content/uploads/2025/11/2022_12_Crayons_SolidairesJB2_7403-edited-300x300.jpg 300w, https://lescrayonssolidaires.org/wp-content/uploads/2025/11/2022_12_Crayons_SolidairesJB2_7403-edited-1024x1024.jpg 1024w, https://lescrayonssolidaires.org/wp-content/uploads/2025/11/2022_12_Crayons_SolidairesJB2_7403-edited-150x150.jpg 150w, https://lescrayonssolidaires.org/wp-content/uploads/2025/11/2022_12_Crayons_SolidairesJB2_7403-edited-768x768.jpg 768w, https://lescrayonssolidaires.org/wp-content/uploads/2025/11/2022_12_Crayons_SolidairesJB2_7403-edited-1536x1536.jpg 1536w, https://lescrayonssolidaires.org/wp-content/uploads/2025/11/2022_12_Crayons_SolidairesJB2_7403-edited-2048x2048.jpg 2048w" sizes="auto, (max-width: 2560px) 100vw, 2560px" /></figure>



<h4 class="wp-block-heading">2022</h4>



<p>10 000€&nbsp;récoltés</p>
</div>
</div>



<div class="wp-block-column is-layout-flow wp-block-column-is-layout-flow">
<div class="wp-block-group is-vertical is-layout-flex wp-container-core-group-is-layout-fe9cc265 wp-block-group-is-layout-flex">
<figure class="wp-block-image size-large"><img loading="lazy" decoding="async" width="768" height="1024" src="https://lescrayonssolidaires.org/wp-content/uploads/2025/11/DSCF0080-1-768x1024.jpg" alt="" class="wp-image-72" srcset="https://lescrayonssolidaires.org/wp-content/uploads/2025/11/DSCF0080-1-768x1025.jpg 768w, https://lescrayonssolidaires.org/wp-content/uploads/2025/11/DSCF0080-1-225x300.jpg 225w, https://lescrayonssolidaires.org/wp-content/uploads/2025/11/DSCF0080-1-1151x1536.jpg 1151w, https://lescrayonssolidaires.org/wp-content/uploads/2025/11/DSCF0080-1-1535x2048.jpg 1535w, https://lescrayonssolidaires.org/wp-content/uploads/2025/11/DSCF0080-1-scaled.jpg 1919w" sizes="auto, (max-width: 768px) 100vw, 768px" /></figure>



<h4 class="wp-block-heading">2023</h4>



<p>13 500€&nbsp;récoltés</p>
</div>
</div>



<div class="wp-block-column is-layout-flow wp-block-column-is-layout-flow">
<div class="wp-block-group is-vertical is-layout-flex wp-container-core-group-is-layout-fe9cc265 wp-block-group-is-layout-flex">
<figure class="wp-block-image size-large"><img loading="lazy" decoding="async" width="683" height="1024" src="https://lescrayonssolidaires.org/wp-content/uploads/2025/11/DSC07037-1-1-683x1024.jpg" alt="" class="wp-image-70" srcset="https://lescrayonssolidaires.org/wp-content/uploads/2025/11/DSC07037-1-1-683x1024.jpg 683w, https://lescrayonssolidaires.org/wp-content/uploads/2025/11/DSC07037-1-1-200x300.jpg 200w, https://lescrayonssolidaires.org/wp-content/uploads/2025/11/DSC07037-1-1-768x1152.jpg 768w, https://lescrayonssolidaires.org/wp-content/uploads/2025/11/DSC07037-1-1-1024x1536.jpg 1024w, https://lescrayonssolidaires.org/wp-content/uploads/2025/11/DSC07037-1-1-1365x2048.jpg 1365w, https://lescrayonssolidaires.org/wp-content/uploads/2025/11/DSC07037-1-1-scaled.jpg 1707w" sizes="auto, (max-width: 683px) 100vw, 683px" /></figure>



<h4 class="wp-block-heading">2024</h4>



<p>13 500€&nbsp;récoltés</p>
</div>
</div>
</div>

<p>Depuis 5 ans les Crayons Solidaires sont organisés début décembre afin de mobiliser des dessinateurs et illustrateur pour la bonne cause. Le principe : vous venez vous faire tirer le portait et les fonds sont reversés aux Restos du Cœur. L&rsquo;événement est organisé avec Marielle Durand et Kek, accompagnés de l&rsquo;agence de design Haigo et [&hellip;]</p>
